 - 203?
-214
In base 4, what is -3 + -103232?
-103301
In base 10, what is -1 + -133?
-134
In base 11, what is 4 - 2?
2
In base 11, what is 5 - -a86?
a90
In base 11, what is 134 + -3?
131
In base 4, what is 1332311 + 1?
1332312
In base 3, what is -1122101 - -121?
-1121210
In base 4, what is 2100 + -22?
2012
In base 9, what is -130 - 4?
-134
In base 10, what is 5 - -34?
39
In base 15, what is -1 - -83?
82
In base 7, what is 1 - 63?
-62
In base 11, what is 48 - -3?
50
In base 2, what is 110010 + 101?
110111
In base 5, what is 4 + 13223?
13232
In base 2, what is 1001011111 + 11000?
1001110111
In base 12, what is -4380 + -3?
-4383
In base 10, what is -230 - -3?
-227
In base 7, what is 3 - 3006?
-3003
In base 4, what is -1001 - 33?
-1100
In base 14, what is 5 + 36?
3b
In base 10, what is -53 + 2?
-51
In base 12, what is 96 + 9?
a3
In base 8, what is -20 - -5?
-13
In base 8, what is -5257 + 2?
-5255
In base 14, what is 10b + 2?
10d
In base 15, what is -2 - 85e?
-861
In base 13, what is -359 + -7?
-363
In base 6, what is 15 + 245?
304
In base 2, what is -1000100000001 - 101?
-1000100000110
In base 10, what is 209 - -41?
250
In base 6, what is 1315 + -5?
1310
In base 4, what is 133332 - 11?
133321
In base 13, what is 343 + 3?
346
In base 12, what is 4 + -53?
-4b
In base 12, what is -5 + 12a?
125
In base 16, what is 337 + -2?
335
In base 5, what is 2 + -224023?
-224021
In base 13, what is -a2 + 4?
-9b
In base 13, what is 3 + 1269?
126c
In base 13, what is 5 - -760?
765
In base 15, what is 33 - -6?
39
In base 11, what is -10 + -23?
-33
In base 12, what is 0 - -33?
33
In base 3, what is -12110 + -11?
-12121
In base 9, what is 1112 - 11?
1101
In base 9, what is -2 - -124?
122
In base 5, what is -11 + -3?
-14
In base 10, what is -15 - 6?
-21
In base 9, what is 20 + 112?
132
In base 13, what is -4 + 18b6?
18b2
In base 7, what is 6 + -1516?
-1510
In base 7, what is -342 + 21?
-321
In base 10, what is 37 + 17?
54
In base 15, what is 0 + -115e?
-115e
In base 15, what is -3 - d2?
-d5
In base 12, what is -5 - -1557?
1552
In base 15, what is 17 + 10?
27
In base 5, what is -132 - 2?
-134
In base 13, what is -2905 - 4?
-2909
In base 10, what is 3 - 3447?
-3444
In base 2, what is -1000101100 + -1?
-1000101101
In base 5, what is 11214 + 3?
11222
In base 15, what is 1 - -134?
135
In base 15, what is 3 + -22?
-1e
In base 5, what is 324 - 10?
314
In base 16, what is -1e - 4?
-22
In base 4, what is -10 - 211110?
-211120
In base 2, what is -1011111100 - 10001?
-1100001101
In base 6, what is -33133 - 5?
-33142
In base 15, what is -75 - -5?
-70
In base 10, what is -2 + -85?
-87
In base 15, what is 1b + 7?
23
In base 8, what is 157 + -4?
153
In base 15, what is -752b - 0?
-752b
In base 6, what is -1230 - 0?
-1230
In base 6, what is 0 + -1413?
-1413
In base 11, what is 6 - -159?
164
In base 12, what is -2 + -904?
-906
In base 10, what is -9 + -22?
-31
In base 4, what is 2301 + 3?
2310
In base 16, what is -932 - -3?
-92f
In base 9, what is 107 - -1?
108
In base 13, what is 195 - 5?
190
In base 6, what is 2 + -15?
-13
In base 14, what is -2c + 7d?
51
In base 11, what is 1222 + 8?
122a
In base 9, what is -3462 + -4?
-3466
In base 4, what is -2031 + -223?
-2320
In base 15, what is -5 - 820?
-825
In base 7, what is -16 + 33?
14
In base 12, what is 5 + 50?
55
In base 9, what is 1225 + -42?
1173
In base 7, what is -531 - -1?
-530
In base 2, what is 1001000100101 + -10?
1001000100011
In base 14, what is -8 + 135?
12b
In base 6, what is 0 - -401?
401
In base 14, what is 4 + -117?
-113
In base 8, what is 17471 - -2?
17473
In base 14, what is b8 - -1d?
d7
In base 6, what is -4 + -342?
-350
In base 7, what is 34521 - -4?
34525
In base 8, what is 7 - 6720?
-6711
In base 6, what is -3344 + -22?
-3410
In base 12, what is -42b0 - 4?
-42b4
In base 5, what is 1 + 1043?
1044
In base 2, what is -1 - 110?
-111
In base 7, what is 266 - 0?
266
In base 4, what is 3 + 1030?
1033
In base 4, what is -1 + 1210?
1203
In base 14, what is 64 - 19?
49
In base 11, what is 0 + -701?
-701
In base 11, what is 626 - 3?
623
In base 10, what is 3 + -63?
-60
In base 5, what is -42 - -43?
1
In base 16, what is 15d + -1?
15c
In base 10, what is -5 + -250?
-255
In base 4, what is -30 - 3031?
-3121
In base 8, what is 31 + 543?
574
In base 4, what is 11 + 22133?
22210
In base 8, what is -2 + 113?
111
In base 13, what is 1941 + 5?
1946
In base 8, what is 22 + -402?
-360
In base 7, what is 102 + -4?
65
In base 15, what is -8c + -38?
-c5
In base 4, what is 10 - 20?
-10
In base 6, what is -533 - -10?
-523
In base 3, what is 10 - 2201001?
-2200221
In base 15, what is -2c04 - 0?
-2c04
In base 6, what is 1045 + 3?
1052
In base 15, what is 5 + 1a?
20
In base 8, what is -4 - -4472?
4466
In base 9, what is -6 - 1050?
-1056
In base 15, what is 5 - 6?
-1
In base 3, what is -1 - 10210202?
-10210210
In base 12, what is -5 - -14?
b
In base 15, what is 31 - 5?
2b
In base 16, what is -1e + -9?
-27
In base 15, what is -1 - 20?
-21
In base 15, what is e39 + -1?
e38
In base 16, what is f + -d?
2
In base 11, what is -66 + 1?
-65
In base 11, what is 207 - -18?
224
In base 4, what is -303 + 21330?
21021
In base 7, what is -5 - -641?
633
In base 12, what is 0 - -65?
65
In base 6, what is 323 + -2?
321
In base 11, what is -3 - 53?
-56
In base 14, what is -126 + -2?
-128
In base 6, what is -5 - -2013?
2004
In base 12, what is -10 + -6?
-16
In base 8, what is -163 + -1?
-164
In base 10, what is -114 + 3?
-111
In base 15, what is b - -70?
7b
In base 10, what is -2 - -176?
174
In base 12, what is -31 + b?
-22
In base 16, what is 39c + -6?
396
In base 5, what is 143 - 22?
121
In base 8, what is -1 - -3475?
3474
In base 9, what is -4041 + -5?
-4046
In base 6, what is 2450 - 5?
2441
In base 8, what is 0 - -114?
114
In base 13, what is 7 - 632?
-628
In base 3, what is -110 - 22222?
-100102
In base 4, what is -3200 - 10?
-3210
In base 9, what is 220 + 116?
336
In base 4, what is 2101232 - -2?
2101300
In base 14, what is -303 + -15?
-318
In base 3, what is -1002001 + -12?
-1002020
In base 13, what is -9 + -1a0?
-1a9
In base 15, what is -1 + -1b85?
-1b86
In base 8, what is 5135 - 6?
5127
In base 2, what is 11001 + -1111000?
-1011111
In base 14, what is -34b8 + 5?
-34b3
In base 2, what is 100000000100 + -100?
100000000000
In base 4, what is -2 + 2312?
2310
In base 5, what is 121 + -41?
30
In base 6, what is 353 - -15?
412
In base 4, what is 102 - -13223?
13331
In base 11, what is 20a - -4?
213
In base 7, what is -5 - -163?
155
In base 13, what is 4 - -88?
8c
In base 10, what is -103 + -42?
-145
In base 8, what is -1 - 24?
-25
In base 7, what is -410 + -2?
-412
In base 15, what is -22 + -174?
-196
In base 5, what is -103 - 3?
-111
In base 12, what is -5bb + -20?
-61b
In base 11, what is 0 + -3a?
-3a
In base 9, what is 3 - 0?
3
In base 4, what is 120 - 33?
21
In base 13, what is 4b59 - -2?
4b5b
In base 4, what is -11033210 + 1?
-11033203
In base 11, what is 36 - 8?
29
In base 9, what is 803 + -4?
788
In base 15, what is 8 + 5?
d
In base 4, what is -10 - 3101?
-3111
In base 10, what is 5 - 34?
-29
In base 13, what is 8 + -1b3?
-1a8
In base 2, what is -11011011111 - 1?
-11011100000
In base 3, what is -1 + -1002001?
-1002002
In base 6, what is 0 - -224?
224
In base 12, what is -20b + 0?
-20b
In base 5, what is -33 - -24?
-4
In base 11, what is 13 - -99a?
a02
In base 3, what is -11 - -2222?
2211
In base 11, what is 35 - -a?
44
In base 3, what is 121 - 2020?
-1122
In base 8, what is -5 + 120?
113
In base 4, what is 100301 + 11?
100312
In base 8, what is -5 - -506?
501
In base 5, what is -1002414 - 4?
-1002423
In base 11, what is -64 - 5?
-69
In base 12, what is 33 + 118?
14b
In base 7, what is -5 - -3544?
3536
In base 16, what is -1abb + -3?
-1abe
In base 7, what is -3234 + 1?
-3233
In base 9, what is -5 + 122?
116
In base 13, what is -11 - 3?
-14
In base 2, what is 1100101010101 + -100?
1100101010001
In base 10, what is -227 + -12?
-239
In base 6, what is -3 + 4211?
4204
In base 5, what is 2212 - 1?
2211
In base 16, what is -5 + 6c?
67
In base 2, what is 11 + -10110010?
-10101111
In base 3, what is 10020022 + 1?
10020100
In base 11, what is -220 + -5?
-225
In base 3, what is 10 - -11102012?
11102022
In base 12, what is -724 - -3?
-721
In base 9, what is 1514